{"id":3180,"date":"2026-01-15T18:47:56","date_gmt":"2026-01-15T17:47:56","guid":{"rendered":"https:\/\/verjamemvate.si\/nasatrgovinca\/?post_type=product&#038;p=3180"},"modified":"2026-02-02T13:28:30","modified_gmt":"2026-02-02T12:28:30","slug":"jakna-silvian-heach","status":"publish","type":"product","link":"https:\/\/verjamemvate.si\/nasatrgovinca\/index.php\/product\/jakna-silvian-heach\/","title":{"rendered":"Jakna Silvian Heach"},"content":{"rendered":"<p>Mere:<\/p>\n<p>dol\u017eina: 76 cm<\/p>\n<p>\u0161irina ramena: 41 cm<\/p>\n<p>dol\u017eina rokavi: 56 cm<\/p>\n<p>obseg prsi: 96 cm<\/p>\n<p>obseg pas: 108 cm<\/p>\n<p>obseg boki: 124 cm<\/p>\n<p>Velikost: S<\/p>\n<p>Model nosi konfekcijsko \u0161t. 38-40.<\/p>\n<p>Sestava: 100% najlon; polnilo: 70% perje; 30% umetni materiali<\/p>\n","protected":false},"excerpt":{"rendered":"<p>Mere: dol\u017eina: 76 cm \u0161irina ramena: 41 cm dol\u017eina rokavi: 56 cm obseg prsi: 96 cm obseg pas: 108 cm obseg boki: 124 cm Velikost: S Model nosi konfekcijsko \u0161t. 38-40. Sestava: 100% najlon; polnilo: 70% perje; 30% umetni materiali<\/p>\n","protected":false},"featured_media":3172,"template":"","meta":[],"product_brand":[],"product_cat":[23,20],"product_tag":[],"class_list":{"0":"post-3180","1":"product","2":"type-product","3":"status-publish","4":"has-post-thumbnail","6":"product_cat-premium","7":"product_cat-zenske","9":"first","10":"instock","11":"sale","12":"taxable","13":"shipping-taxable","14":"purchasable","15":"product-type-simple"},"yoast_head":"<!-- This site is optimized with the Yoast SEO plugin v27.5 - https:\/\/yoast.com\/product\/yoast-seo-wordpress\/ -->\n<title>Jakna Silvian Heach - Verjamem vate second-hand<\/title>\n<meta name=\"robots\" content=\"index, follow, max-snippet:-1, max-image-preview:large, max-video-preview:-1\" \/>\n<link rel=\"canonical\" href=\"https:\/\/verjamemvate.si\/nasatrgovinca\/index.php\/product\/jakna-silvian-heach\/\" \/>\n<meta property=\"og:locale\" content=\"sl_SI\" \/>\n<meta property=\"og:type\" content=\"article\" \/>\n<meta property=\"og:title\" content=\"Jakna Silvian Heach - Verjamem vate second-hand\" \/>\n<meta property=\"og:description\" content=\"Mere: dol\u017eina: 76 cm \u0161irina ramena: 41 cm dol\u017eina rokavi: 56 cm obseg prsi: 96 cm obseg pas: 108 cm obseg boki: 124 cm Velikost: S Model nosi konfekcijsko \u0161t. 38-40. Sestava: 100% najlon; polnilo: 70% perje; 30% umetni materiali\" \/>\n<meta property=\"og:url\" content=\"https:\/\/verjamemvate.si\/nasatrgovinca\/index.php\/product\/jakna-silvian-heach\/\" \/>\n<meta property=\"og:site_name\" content=\"Verjamem vate second-hand\" \/>\n<meta property=\"article:modified_time\" content=\"2026-02-02T12:28:30+00:00\" \/>\n<meta property=\"og:image\" content=\"https:\/\/verjamemvate.si\/nasatrgovinca\/wp-content\/uploads\/2026\/01\/IMG_6216-scaled-e1768394999505.jpeg\" \/>\n\t<meta property=\"og:image:width\" content=\"1920\" \/>\n\t<meta property=\"og:image:height\" content=\"2380\" \/>\n\t<meta property=\"og:image:type\" content=\"image\/jpeg\" \/>\n<meta name=\"twitter:card\" content=\"summary_large_image\" \/>\n<meta name=\"twitter:label1\" content=\"Est. reading time\" \/>\n\t<meta name=\"twitter:data1\" content=\"1 minuta\" \/>\n<script type=\"application\/ld+json\" class=\"yoast-schema-graph\">{\"@context\":\"https:\\\/\\\/schema.org\",\"@graph\":[{\"@type\":\"WebPage\",\"@id\":\"https:\\\/\\\/verjamemvate.si\\\/nasatrgovinca\\\/index.php\\\/product\\\/jakna-silvian-heach\\\/\",\"url\":\"https:\\\/\\\/verjamemvate.si\\\/nasatrgovinca\\\/index.php\\\/product\\\/jakna-silvian-heach\\\/\",\"name\":\"Jakna Silvian Heach - Verjamem vate second-hand\",\"isPartOf\":{\"@id\":\"https:\\\/\\\/verjamemvate.si\\\/nasatrgovinca\\\/#website\"},\"primaryImageOfPage\":{\"@id\":\"https:\\\/\\\/verjamemvate.si\\\/nasatrgovinca\\\/index.php\\\/product\\\/jakna-silvian-heach\\\/#primaryimage\"},\"image\":{\"@id\":\"https:\\\/\\\/verjamemvate.si\\\/nasatrgovinca\\\/index.php\\\/product\\\/jakna-silvian-heach\\\/#primaryimage\"},\"thumbnailUrl\":\"https:\\\/\\\/verjamemvate.si\\\/nasatrgovinca\\\/wp-content\\\/uploads\\\/2026\\\/01\\\/IMG_6216-scaled-e1768394999505.jpeg\",\"datePublished\":\"2026-01-15T17:47:56+00:00\",\"dateModified\":\"2026-02-02T12:28:30+00:00\",\"breadcrumb\":{\"@id\":\"https:\\\/\\\/verjamemvate.si\\\/nasatrgovinca\\\/index.php\\\/product\\\/jakna-silvian-heach\\\/#breadcrumb\"},\"inLanguage\":\"sl-SI\",\"potentialAction\":[{\"@type\":\"ReadAction\",\"target\":[\"https:\\\/\\\/verjamemvate.si\\\/nasatrgovinca\\\/index.php\\\/product\\\/jakna-silvian-heach\\\/\"]}]},{\"@type\":\"ImageObject\",\"inLanguage\":\"sl-SI\",\"@id\":\"https:\\\/\\\/verjamemvate.si\\\/nasatrgovinca\\\/index.php\\\/product\\\/jakna-silvian-heach\\\/#primaryimage\",\"url\":\"https:\\\/\\\/verjamemvate.si\\\/nasatrgovinca\\\/wp-content\\\/uploads\\\/2026\\\/01\\\/IMG_6216-scaled-e1768394999505.jpeg\",\"contentUrl\":\"https:\\\/\\\/verjamemvate.si\\\/nasatrgovinca\\\/wp-content\\\/uploads\\\/2026\\\/01\\\/IMG_6216-scaled-e1768394999505.jpeg\",\"width\":1920,\"height\":2380},{\"@type\":\"BreadcrumbList\",\"@id\":\"https:\\\/\\\/verjamemvate.si\\\/nasatrgovinca\\\/index.php\\\/product\\\/jakna-silvian-heach\\\/#breadcrumb\",\"itemListElement\":[{\"@type\":\"ListItem\",\"position\":1,\"name\":\"Home\",\"item\":\"https:\\\/\\\/verjamemvate.si\\\/nasatrgovinca\\\/\"},{\"@type\":\"ListItem\",\"position\":2,\"name\":\"Verjamem vate &#8211; second-hand\",\"item\":\"https:\\\/\\\/verjamemvate.si\\\/nasatrgovinca\\\/\"},{\"@type\":\"ListItem\",\"position\":3,\"name\":\"Jakna Silvian Heach\"}]},{\"@type\":\"WebSite\",\"@id\":\"https:\\\/\\\/verjamemvate.si\\\/nasatrgovinca\\\/#website\",\"url\":\"https:\\\/\\\/verjamemvate.si\\\/nasatrgovinca\\\/\",\"name\":\"Verjamem vate second-hand\",\"description\":\"\",\"potentialAction\":[{\"@type\":\"SearchAction\",\"target\":{\"@type\":\"EntryPoint\",\"urlTemplate\":\"https:\\\/\\\/verjamemvate.si\\\/nasatrgovinca\\\/?s={search_term_string}\"},\"query-input\":{\"@type\":\"PropertyValueSpecification\",\"valueRequired\":true,\"valueName\":\"search_term_string\"}}],\"inLanguage\":\"sl-SI\"}]}<\/script>\n<!-- \/ Yoast SEO plugin. -->","yoast_head_json":{"title":"Jakna Silvian Heach - Verjamem vate second-hand","robots":{"index":"index","follow":"follow","max-snippet":"max-snippet:-1","max-image-preview":"max-image-preview:large","max-video-preview":"max-video-preview:-1"},"canonical":"https:\/\/verjamemvate.si\/nasatrgovinca\/index.php\/product\/jakna-silvian-heach\/","og_locale":"sl_SI","og_type":"article","og_title":"Jakna Silvian Heach - Verjamem vate second-hand","og_description":"Mere: dol\u017eina: 76 cm \u0161irina ramena: 41 cm dol\u017eina rokavi: 56 cm obseg prsi: 96 cm obseg pas: 108 cm obseg boki: 124 cm Velikost: S Model nosi konfekcijsko \u0161t. 38-40. Sestava: 100% najlon; polnilo: 70% perje; 30% umetni materiali","og_url":"https:\/\/verjamemvate.si\/nasatrgovinca\/index.php\/product\/jakna-silvian-heach\/","og_site_name":"Verjamem vate second-hand","article_modified_time":"2026-02-02T12:28:30+00:00","og_image":[{"width":1920,"height":2380,"url":"https:\/\/verjamemvate.si\/nasatrgovinca\/wp-content\/uploads\/2026\/01\/IMG_6216-scaled-e1768394999505.jpeg","type":"image\/jpeg"}],"twitter_card":"summary_large_image","twitter_misc":{"Est. reading time":"1 minuta"},"schema":{"@context":"https:\/\/schema.org","@graph":[{"@type":"WebPage","@id":"https:\/\/verjamemvate.si\/nasatrgovinca\/index.php\/product\/jakna-silvian-heach\/","url":"https:\/\/verjamemvate.si\/nasatrgovinca\/index.php\/product\/jakna-silvian-heach\/","name":"Jakna Silvian Heach - Verjamem vate second-hand","isPartOf":{"@id":"https:\/\/verjamemvate.si\/nasatrgovinca\/#website"},"primaryImageOfPage":{"@id":"https:\/\/verjamemvate.si\/nasatrgovinca\/index.php\/product\/jakna-silvian-heach\/#primaryimage"},"image":{"@id":"https:\/\/verjamemvate.si\/nasatrgovinca\/index.php\/product\/jakna-silvian-heach\/#primaryimage"},"thumbnailUrl":"https:\/\/verjamemvate.si\/nasatrgovinca\/wp-content\/uploads\/2026\/01\/IMG_6216-scaled-e1768394999505.jpeg","datePublished":"2026-01-15T17:47:56+00:00","dateModified":"2026-02-02T12:28:30+00:00","breadcrumb":{"@id":"https:\/\/verjamemvate.si\/nasatrgovinca\/index.php\/product\/jakna-silvian-heach\/#breadcrumb"},"inLanguage":"sl-SI","potentialAction":[{"@type":"ReadAction","target":["https:\/\/verjamemvate.si\/nasatrgovinca\/index.php\/product\/jakna-silvian-heach\/"]}]},{"@type":"ImageObject","inLanguage":"sl-SI","@id":"https:\/\/verjamemvate.si\/nasatrgovinca\/index.php\/product\/jakna-silvian-heach\/#primaryimage","url":"https:\/\/verjamemvate.si\/nasatrgovinca\/wp-content\/uploads\/2026\/01\/IMG_6216-scaled-e1768394999505.jpeg","contentUrl":"https:\/\/verjamemvate.si\/nasatrgovinca\/wp-content\/uploads\/2026\/01\/IMG_6216-scaled-e1768394999505.jpeg","width":1920,"height":2380},{"@type":"BreadcrumbList","@id":"https:\/\/verjamemvate.si\/nasatrgovinca\/index.php\/product\/jakna-silvian-heach\/#breadcrumb","itemListElement":[{"@type":"ListItem","position":1,"name":"Home","item":"https:\/\/verjamemvate.si\/nasatrgovinca\/"},{"@type":"ListItem","position":2,"name":"Verjamem vate &#8211; second-hand","item":"https:\/\/verjamemvate.si\/nasatrgovinca\/"},{"@type":"ListItem","position":3,"name":"Jakna Silvian Heach"}]},{"@type":"WebSite","@id":"https:\/\/verjamemvate.si\/nasatrgovinca\/#website","url":"https:\/\/verjamemvate.si\/nasatrgovinca\/","name":"Verjamem vate second-hand","description":"","potentialAction":[{"@type":"SearchAction","target":{"@type":"EntryPoint","urlTemplate":"https:\/\/verjamemvate.si\/nasatrgovinca\/?s={search_term_string}"},"query-input":{"@type":"PropertyValueSpecification","valueRequired":true,"valueName":"search_term_string"}}],"inLanguage":"sl-SI"}]}},"_links":{"self":[{"href":"https:\/\/verjamemvate.si\/nasatrgovinca\/index.php\/wp-json\/wp\/v2\/product\/3180","targetHints":{"allow":["GET"]}}],"collection":[{"href":"https:\/\/verjamemvate.si\/nasatrgovinca\/index.php\/wp-json\/wp\/v2\/product"}],"about":[{"href":"https:\/\/verjamemvate.si\/nasatrgovinca\/index.php\/wp-json\/wp\/v2\/types\/product"}],"wp:featuredmedia":[{"embeddable":true,"href":"https:\/\/verjamemvate.si\/nasatrgovinca\/index.php\/wp-json\/wp\/v2\/media\/3172"}],"wp:attachment":[{"href":"https:\/\/verjamemvate.si\/nasatrgovinca\/index.php\/wp-json\/wp\/v2\/media?parent=3180"}],"wp:term":[{"taxonomy":"product_brand","embeddable":true,"href":"https:\/\/verjamemvate.si\/nasatrgovinca\/index.php\/wp-json\/wp\/v2\/product_brand?post=3180"},{"taxonomy":"product_cat","embeddable":true,"href":"https:\/\/verjamemvate.si\/nasatrgovinca\/index.php\/wp-json\/wp\/v2\/product_cat?post=3180"},{"taxonomy":"product_tag","embeddable":true,"href":"https:\/\/verjamemvate.si\/nasatrgovinca\/index.php\/wp-json\/wp\/v2\/product_tag?post=3180"}],"curies":[{"name":"wp","href":"https:\/\/api.w.org\/{rel}","templated":true}]}}